 p). Suppose 0 = -0*v + 4*v - d. What is the highest common divisor of v and 13?
13
Let i = -1 - -5. Let g = i - 9. Let u(j) = -j**3 - 3*j**2 + 6*j - 2. Let y be u(g). What is the highest common factor of 2 and y?
2
Let c = 47 - 40. What is the greatest common divisor of c and 7?
7
Suppose -3*k = u + 1, 3*u = -k + 1 - 4. Let o be (-16 - u)/(2 + -3). Calculate the highest common factor of 120 and o.
15
Let z(s) be the third derivative of s**6/120 - s**5/20 - s**4/24 - s**3 + 3*s**2. Let c be z(6). Let a = 12 - 0. Calculate the highest common factor of c and a.
12
Let n be (2 + 7)/3 + -2. Let s be (-1)/(n/(-91)) + -3. Calculate the greatest common factor of 11 and s.
11
Let u be (-30)/9*(-1 + -2). Let a(x) = x**2 + 2*x - 1. Let c be a(-3). What is the highest common factor of c and u?
2
Let w = 216 - 209. What is the greatest common divisor of w and 147?
7
Let q(v) = 2*v**2 + v + 3. Let i be q(2). What is the greatest common factor of i and 26?
13
Let h be 1 + 3*(0 - -13). Let d be (-25)/2*(-22 + 14). What is the greatest common factor of d and h?
20
Suppose -177 = 2*f - 497. Calculate the highest common divisor of f and 40.
40
Let x = 108 - 64. Let d = x + -30. Suppose -4*v + v = -42. What is the highest common divisor of v and d?
14
Let m(s) = -s**2 + 15*s - 44. Let a be m(8). Let f = -45 + 75. Calculate the highest common factor of a and f.
6
Let m = 24 - 21. Suppose m*s + 3 = 6*s. What is the highest common factor of s and 5?
1
Suppose 5*v - 4*m - 200 = 0, 2*v = 3*v + 3*m - 59. Let k be 196/9 - 4/(-18). Suppose k = 4*y - 2*y. What is the highest common divisor of y and v?
11
Suppose -3 = -5*n + 7. Suppose 0 = 4*z + 5*f - 49, -2*z + 1 = -z - f. Let x be z - ((-3 - 0) + 4). What is the highest common factor of x and n?
1
Suppose m - a - 8 = 3*a, 0 = 3*m + 4*a - 40. What is the highest common factor of m and 18?
6
Let s be (-14 - 1)*(-10 - -4). What is the highest common factor of 10 and s?
10
Let g = 30 - 11. Let f = -13 + g. Calculate the highest common divisor of 48 and f.
6
Suppose -4*y = 2*v - 17 - 119, 5*v = 2*y + 328. Let u(p) = p**2 + 24*p + 50. Let n be u(-22). What is the greatest common factor of v and n?
6
Let w = 8 + -5. Suppose 0 = -w*z + 52 + 242. Calculate the greatest common factor of z and 14.
14
Suppose w + q = -8, -w + 3*w - 5*q - 19 = 0. Let y be 6/w + 5 + 17. What is the greatest common divisor of y and 5?
5
Suppose -28 = 140*r - 142*r. Calculate the greatest common divisor of 210 and r.
14
Let a be (2/3)/(6/36). Suppose 0 = -5*s + a*s + 3. Suppose -2*i - 118 = -s*b - b, 5*i = 4*b - 103. What is the highest common divisor of b and 48?
16
Let k(p) = -p**2 + p + 20. Let i be k(0). Suppose -8 = -4*d + i. What is the highest common factor of 14 and d?
7
Let r be -1 - (-1 + (-6)/3). Suppose -4*b = 4*d - 16, r*d - 17 = -2*b - 3*d. Calculate the greatest common factor of 7 and b.
1
Let z(k) = 75*k. Let l be z(4). Suppose 0 = 6*q - 3*q - l. What is the greatest common factor of q and 10?
10
Let k(s) = -s**2 + 9*s + 4. Let c be k(9). Suppose 0 = 3*w + 5*g + c, -2*w + 2*g = -23 - 1. Let r = 16 - 2. What is the highest common divisor of r and w?
7
Suppose 3*w + 5*z = 21, 2*z - 9 + 3 = 0. Suppose -2*b = w*b - 20. Suppose 4 = 5*c - 21. What is the highest common factor of b and c?
5
Suppose 2*x - 16 = -o, 0 = -4*x + 9*x + 4*o - 43. What is the greatest common factor of x and 119?
7
Let n(z) = z**3 - 14*z**2 + 19*z - 52. Let v be n(13). What is the highest common factor of 13 and v?
13
Let z(r) = -7*r - 6. Let b be z(-6). Let k = b - 14. What is the highest common factor of 2 and k?
2
Let z be (-24)/(-14)*(-35)/(-10). What is the greatest common divisor of z and 6?
6
Suppose 0 = -b + 5 - 1. Suppose -5*u = q, 0*u - 5*u = 3*q. Suppose 4*t = r + t - 9, r - b*t - 10 = q. Calculate the greatest common factor of 30 and r.
6
Let q = 26 + 18. Calculate the highest common divisor of q and 11.
11
Let u(b) = -2*b**3 - 2*b**2 - b - 1. Let w be u(-2). What is the highest common factor of w and 18?
9
Let a be 20/6*(-24)/(-10). Suppose -5*m = 4*o - 27, -a - 27 = -4*o + 3*m. Let c = 17 - o. Calculate the greatest common divisor of 72 and c.
9
Let a = 20 + -14. Suppose -60 = -11*r + a*r. Let o(d) = 14*d - 2. Let y be o(7). Calculate the greatest common factor of y and r.
12
Suppose -12 - 23 = 5*c. Let l(r) = -r + 10. Let h be l(c). Calculate the highest common factor of h and 17.
17
Let q(c) = -c**3 - 12*c**2 - 8*c + 26. Let g be q(-11). Let u = 1 - g. Calculate the highest common factor of 24 and u.
8
Let z be 2 + 92 + (3 - 7). Calculate the greatest common divisor of z and 10.
10
Let a = -19 + 14. Let y = 8 - a. What is the greatest common divisor of y and 143?
13
Suppose -146*n - 168 = -149*n. Let o be 1/(-2) - 61/(-2). Suppose 3*d = b - 8, 4*b - 22 = 2*d + o. What is the greatest common factor of n and b?
14
Let s(u) = -u**3 + 11*u**2 + 14*u - 11. Let z be s(12). Let b = 2 + 24. What is the highest common divisor of b and z?
13
Let r(o) be the second derivative of -o**5/20 - 5*o**4/6 - o**3/6 - 3*o**2/2 - 5*o. Let b be r(-10). What is the highest common divisor of b and 14?
7
Let f = -20 - -35. Let z(w) = -w**3 - 9*w**2 - 10*w - 1. Let r be z(-8). Calculate the highest common factor of r and f.
15
Let k = -52 + 27. Let v = k - -81. Suppose 0*s = 4*s - 32. What is the highest common factor of v and s?
8
Let x be (54/12)/((-6)/(-36)). Suppose -4*l - 2*g + 24 = -12, 0 = -4*l + 4*g + 36. What is the greatest common divisor of x and l?
9
Let d = 163 + -146. What is the highest common divisor of 51 and d?
17
Let j = 12 - 0. Let p be (-3135)/(-18) + (-2)/j. Suppose p = 5*r + 2*a, -r - a - 18 = -51. What is the greatest common divisor of r and 18?
18
Let y = -4 + 3. Let c be (-245)/(-20) - y/(-4). Calculate the highest common factor of 12 and c.
12
Let p be -6*(-6)/27*3. Suppose -p*k = -7*k + 264. Suppose 0 = 2*a + 28 - k. What is the highest common factor of 6 and a?
6
Suppose 5*n - 93 = 267. What is the greatest common divisor of n and 24?
24
Let q be 63 - (-8)/(8/2). Let j(i) = i**2 + 10*i + 13. Let n be j(-10). What is the highest common divisor of q and n?
13
Suppose -5*p = -0*p - 245. Let w = 82 - p. Suppose 3*k - 3*y - w = -0*y, -4*k + y + 38 = 0. Calculate the greatest common divisor of 27 and k.
9
Let p(x) = x**2 + x - 5. Let g be p(4). What is the greatest common divisor of g and 165?
15
Let w be 2*(-1)/(-4)*10. Calculate the highest common divisor of 25 and w.
5
Let k be (-2219)/(-14) + 3 + 2/(-4). What is the greatest common factor of 23 and k?
23
Suppose 2*u = -u. Suppose u*n = -4*n + 64. Suppose 0 = -3*o, 5*y = 4*o + 122 + 758. What is the highest common divisor of n and y?
16
Suppose -44 = -2*u + 4*o, 8*u - 90 = 3*u + 5*o. What is the highest common divisor of u and 7?
7
Suppose -4*i - 45 = -c - i, -2*i = 4*c - 194. What is the greatest common divisor of 12 and c?
12
Let t = -29 - -15. Let o = t - -34. Calculate the greatest common divisor of o and 8.
4
Suppose 0 = -2*j - 2*m + 30, 0 = -2*j - 2*j + 2*m + 60. Suppose -5*b = -60 + 10. What is the highest common factor of b and j?
5
Let t be (-36)/(-63) + (-486)/(-7). Calculate the highest common divisor of t and 10.
10
Let v = -13 - -63. What is the greatest common factor of v and 20?
10
Let j = 0 - 0. Suppose j = -b - 2 + 41. Calculate the highest common divisor of b and 26.
13
Suppose 4*l - 18 = l. Let m be 32/l - 6/(-9). Suppose -x + 48 = -0*x. What is the greatest common divisor of x and m?
6
Suppose 0 = -3*u + u. Let c be 3 + -4 + 41 + u. What is the greatest common divisor of c and 100?
20
Let i(z) = -7*z**2 + 12*z - 8. Let l be i(8). Let h be (-8)/(-6)*l/(-16). Calculate the highest common divisor of h and 6.
6
Suppose 5*z = 3*j + 1511, -4*z + 1222 = j + j. Suppose 3*a = 3*u + 2*u + 215, 0 = -4*a - 2*u + z. What is the greatest common divisor of a and 30?
15
Let x be -4 - -8 - (-60 - -2). Calculate the highest common factor of 155 and x.
31
Suppose 5*u = 175 + 225. Calculate the greatest common factor of u and 10.
10
Suppose -16*h + 3*h = -104. Calculate the highest common factor of 88 and h.
8
Let j(m) be the second derivative of m**4/12 - 5*m**3/6 + 5*m**2/2 - 2*m. Let b be j(5). Calculate the greatest common factor of b and 10.
5
Suppose c + 3*f = -c + 240, -5*f = -4*c + 524. Sup